{"id":5515,"date":"2023-05-23T20:08:04","date_gmt":"2023-05-23T18:08:04","guid":{"rendered":"http:\/\/www.lopselisdarzelis.rudamina.vilniausr.lm.lt\/?page_id=5515"},"modified":"2025-10-14T12:40:32","modified_gmt":"2025-10-14T10:40:32","slug":"asmens-duomenu-apsauga-2","status":"publish","type":"page","link":"https:\/\/www.lopselisdarzelis.rudamina.vilniausr.lm.lt\/?page_id=5515","title":{"rendered":"ASMENS DUOMEN\u0172 APSAUGA"},"content":{"rendered":"\n<p><strong>Vilniaus r.<\/strong> <strong>Rudaminos lop\u0161elio &#8211; dar\u017eelio duomen\u0173 apsaugos pareig\u016bnas<\/strong><\/p>\n\n\n\n<p>\u012egyvendinant bendrojo duomen\u0173 apsaugos reglamento reikalavimus Vilniaus r. Rudaminos lop\u0161elyje &#8211; dar\u017eelyje Duomen\u0173 apsaugos pareig\u016bn\u0117 paskirta \u016bkio ved\u0117ja Gra\u017eina Kulnis.<\/p>\n\n\n\n<p>Duomen\u0173 apsaugos pareig\u016bnas vykdo u\u017eduotis, vadovaudamasis 2016 m. baland\u017eio 27 d. Europos Parlamento ir Tarybos reglamento (ES) Nr. 2016\/679 d\u0117l fizini\u0173 asmen\u0173 apsaugos tvarkant asmens duomenis ir d\u0117l laisvo toki\u0173 duomen\u0173 jud\u0117jimo ir kuriuo panaikinama Direktyva 95\/46\/EB (Bendrasis duomen\u0173 apsaugos reglamentas) 39 straipsniu.<\/p>\n\n\n\n<p>Duomen\u0173 apsaugos pareig\u016bnas, vykdydamas savo u\u017eduotis, tinkamai \u012fvertina mokykloje-dar\u017eelyje su duomen\u0173 tvarkymo operacijomis susijus\u012f pavoj\u0173, atsi\u017evelgdamas \u012f duomen\u0173 tvarkymo pob\u016bd\u012f, apr\u0117pti, kontekst\u0105 ir tikslus.<\/p>\n\n\n\n<p>D\u0117l duomen\u0173 appsaugos galima kreiptis \u012f Vilniaus r. Rudaminos lop\u0161elio &#8211; dar\u017eelio duomen\u0173 apsaugos pareig\u016bn\u0105 &#8211; \u016bkio ved\u0117j\u0105 Gra\u017ein\u0105 Kulnis. tel. +3705 2505253, el.pa\u0161tas: duomenu.apsauga@ld.rudamina.vilniausr.lm.lt, Mokyklos g.11 Rudaminos k.,Vilniaus r.<\/p>\n\n\n\n<p><\/p>\n\n\n\n<div class=\"wp-block-file\"><a id=\"wp-block-file--media-69ff7d08-5c9e-4998-8400-ebb1ad74452a\" href=\"https:\/\/www.lopselisdarzelis.rudamina.vilniausr.lm.lt\/wp-content\/uploads\/2023\/05\/4-Priedas-Privatumo-politika-darzelis.docx\">VILNIAUS R. RUDAMINOS LOP\u0160ELIO &#8211; DAR\u017dELIO DUOMEN\u0172 PRIVATUMO POLITIKA <\/a><\/div>\n\n\n\n<div class=\"wp-block-file\"><a id=\"wp-block-file--media-87a9249d-65ff-40e6-9393-f4c1e7b25692\" href=\"https:\/\/www.lopselisdarzelis.rudamina.vilniausr.lm.lt\/wp-content\/uploads\/2023\/05\/15-Priedas-Duomenu-subjektu-teisiu-igyvendinimo-tvarka-darz.docx\">DUOMEN\u0172 APSAUGOS SUBJEKT\u0172 TEISI\u0172 \u012eGYVENDINIMO TVARKA VILNIAUS R. RUDAMINOS LOP\u0160ELYJE &#8211; DAR\u017dELYJE <\/a><\/div>\n\n\n\n<div class=\"wp-block-file\"><a id=\"wp-block-file--media-ba3280d7-ccee-4817-aaa3-f02043cbe607\" href=\"https:\/\/www.lopselisdarzelis.rudamina.vilniausr.lm.lt\/wp-content\/uploads\/2023\/05\/Informacija-DAP-internete_UZPILDYTAS.docx\">VILNIAUS R. RUDAMINOS LOP\u0160ELIO &#8211; DAR\u017dELIO INFORMACIJA DAP INTERNETE <\/a><\/div>\n","protected":false},"excerpt":{"rendered":"<p>Vilniaus r. Rudaminos lop\u0161elio &#8211; dar\u017eelio duomen\u0173 apsaugos pareig\u016bnas \u012egyvendinant bendrojo duomen\u0173 apsaugos reglamento reikalavimus Vilniaus r. Rudaminos lop\u0161elyje &#8211; dar\u017eelyje Duomen\u0173 apsaugos pareig\u016bn\u0117 paskirta \u016bkio ved\u0117ja Gra\u017eina Kulnis. Duomen\u0173 apsaugos pareig\u016bnas vykdo u\u017eduotis, vadovaudamasis 2016 m. baland\u017eio 27 d. &hellip; <a href=\"https:\/\/www.lopselisdarzelis.rudamina.vilniausr.lm.lt\/?page_id=5515\">Skaitykite toliau <span class=\"meta-nav\">&rarr;<\/span><\/a><\/p>\n","protected":false},"author":1,"featured_media":0,"parent":0,"menu_order":0,"comment_status":"closed","ping_status":"closed","template":"","meta":{"ngg_post_thumbnail":0,"footnotes":""},"class_list":["post-5515","page","type-page","status-publish","hentry"],"_links":{"self":[{"href":"https:\/\/www.lopselisdarzelis.rudamina.vilniausr.lm.lt\/index.php?rest_route=\/wp\/v2\/pages\/5515","targetHints":{"allow":["GET"]}}],"collection":[{"href":"https:\/\/www.lopselisdarzelis.rudamina.vilniausr.lm.lt\/index.php?rest_route=\/wp\/v2\/pages"}],"about":[{"href":"https:\/\/www.lopselisdarzelis.rudamina.vilniausr.lm.lt\/index.php?rest_route=\/wp\/v2\/types\/page"}],"author":[{"embeddable":true,"href":"https:\/\/www.lopselisdarzelis.rudamina.vilniausr.lm.lt\/index.php?rest_route=\/wp\/v2\/users\/1"}],"replies":[{"embeddable":true,"href":"https:\/\/www.lopselisdarzelis.rudamina.vilniausr.lm.lt\/index.php?rest_route=%2Fwp%2Fv2%2Fcomments&post=5515"}],"version-history":[{"count":9,"href":"https:\/\/www.lopselisdarzelis.rudamina.vilniausr.lm.lt\/index.php?rest_route=\/wp\/v2\/pages\/5515\/revisions"}],"predecessor-version":[{"id":8037,"href":"https:\/\/www.lopselisdarzelis.rudamina.vilniausr.lm.lt\/index.php?rest_route=\/wp\/v2\/pages\/5515\/revisions\/8037"}],"wp:attachment":[{"href":"https:\/\/www.lopselisdarzelis.rudamina.vilniausr.lm.lt\/index.php?rest_route=%2Fwp%2Fv2%2Fmedia&parent=5515"}],"curies":[{"name":"wp","href":"https:\/\/api.w.org\/{rel}","templated":true}]}}