{"id":5400,"date":"2022-10-13T22:51:13","date_gmt":"2022-10-13T20:51:13","guid":{"rendered":"http:\/\/www.lopselisdarzelis.rudamina.vilniausr.lm.lt\/?page_id=5400"},"modified":"2025-10-14T12:22:18","modified_gmt":"2025-10-14T10:22:18","slug":"ugdymasis-seimoje","status":"publish","type":"page","link":"https:\/\/www.lopselisdarzelis.rudamina.vilniausr.lm.lt\/?page_id=5400","title":{"rendered":"Ugdymasis \u0161eimoje"},"content":{"rendered":"\n<p>Vaikas&nbsp;jo paties ir&nbsp;jo&nbsp;t\u0117v\u0173 (glob\u0117j\u0173, r\u016bpintoj\u0173) pageidavimu gali pagal prie\u0161mokyklinio, pradinio, pagrindinio ir vidurinio ugdymo bendr\u0105sias programas b\u016bti ugdomas (ugdytis) \u0161eimoje.&nbsp;Pasirinkus ugdym\u0105si \u0161eimoje, vaiko iki 14 met\u0173 t\u0117vai (glob\u0117jai, r\u016bpintojai) arba vaikas nuo 14 iki 18 met\u0173, tur\u0117damas t\u0117v\u0173 (r\u016bpintoj\u0173) ra\u0161ytin\u012f sutikim\u0105, ir lop\u0161elis-dar\u017eelis sudaro mokymo(si) sutart\u012f. Prie\u0161 sutarties d\u0117l vaiko ugdymosi \u0161eimoje sudarym\u0105 lop\u0161elis- dar\u017eelis, pasitelkdama reikalingus specialistus, \u012fvertina ugdymosi \u0161eimoje s\u0105lygas, vaiko brandos ir \u017eini\u0173 lyg\u012f. Mokinius konsultuoja, mokom\u0105ja med\u017eiaga apr\u016bpina, mokymosi pa\u017eang\u0105 ir pasiekimus, socializacijos poreikio u\u017etikrinim\u0105 periodi\u0161kai vertina lop\u0161elis &#8211; dar\u017eelis, su kuria sudaryta mokymo sutartis.<\/p>\n\n\n\n<p><a href=\"https:\/\/www.e-tar.lt\/portal\/lt\/legalAct\/ddd218f09b6411ea9515f752ff221ec9\">Ugdymosi \u0161eimoje \u012fgyvendinimo tvark\u0105 nustato Lietuvos Respublikos Vyriausyb\u0117s nutarimu patvirtintas Ugdymosi \u0161eimoje \u012fgyvendinimo tvarkos apra\u0161as<\/a><\/p>\n\n\n\n<p><\/p>\n","protected":false},"excerpt":{"rendered":"<p>Vaikas&nbsp;jo paties ir&nbsp;jo&nbsp;t\u0117v\u0173 (glob\u0117j\u0173, r\u016bpintoj\u0173) pageidavimu gali pagal prie\u0161mokyklinio, pradinio, pagrindinio ir vidurinio ugdymo bendr\u0105sias programas b\u016bti ugdomas (ugdytis) \u0161eimoje.&nbsp;Pasirinkus ugdym\u0105si \u0161eimoje, vaiko iki 14 met\u0173 t\u0117vai (glob\u0117jai, r\u016bpintojai) arba vaikas nuo 14 iki 18 met\u0173, tur\u0117damas t\u0117v\u0173 (r\u016bpintoj\u0173) ra\u0161ytin\u012f &hellip; <a href=\"https:\/\/www.lopselisdarzelis.rudamina.vilniausr.lm.lt\/?page_id=5400\">Skaitykite toliau <span class=\"meta-nav\">&rarr;<\/span><\/a><\/p>\n","protected":false},"author":1,"featured_media":0,"parent":0,"menu_order":0,"comment_status":"closed","ping_status":"closed","template":"","meta":{"ngg_post_thumbnail":0,"footnotes":""},"class_list":["post-5400","page","type-page","status-publish","hentry"],"_links":{"self":[{"href":"https:\/\/www.lopselisdarzelis.rudamina.vilniausr.lm.lt\/index.php?rest_route=\/wp\/v2\/pages\/5400","targetHints":{"allow":["GET"]}}],"collection":[{"href":"https:\/\/www.lopselisdarzelis.rudamina.vilniausr.lm.lt\/index.php?rest_route=\/wp\/v2\/pages"}],"about":[{"href":"https:\/\/www.lopselisdarzelis.rudamina.vilniausr.lm.lt\/index.php?rest_route=\/wp\/v2\/types\/page"}],"author":[{"embeddable":true,"href":"https:\/\/www.lopselisdarzelis.rudamina.vilniausr.lm.lt\/index.php?rest_route=\/wp\/v2\/users\/1"}],"replies":[{"embeddable":true,"href":"https:\/\/www.lopselisdarzelis.rudamina.vilniausr.lm.lt\/index.php?rest_route=%2Fwp%2Fv2%2Fcomments&post=5400"}],"version-history":[{"count":4,"href":"https:\/\/www.lopselisdarzelis.rudamina.vilniausr.lm.lt\/index.php?rest_route=\/wp\/v2\/pages\/5400\/revisions"}],"predecessor-version":[{"id":8030,"href":"https:\/\/www.lopselisdarzelis.rudamina.vilniausr.lm.lt\/index.php?rest_route=\/wp\/v2\/pages\/5400\/revisions\/8030"}],"wp:attachment":[{"href":"https:\/\/www.lopselisdarzelis.rudamina.vilniausr.lm.lt\/index.php?rest_route=%2Fwp%2Fv2%2Fmedia&parent=5400"}],"curies":[{"name":"wp","href":"https:\/\/api.w.org\/{rel}","templated":true}]}}