{"id":5382,"date":"2022-10-13T22:29:33","date_gmt":"2022-10-13T20:29:33","guid":{"rendered":"http:\/\/www.lopselisdarzelis.rudamina.vilniausr.lm.lt\/?page_id=5382"},"modified":"2026-01-15T12:35:03","modified_gmt":"2026-01-15T10:35:03","slug":"ikimokyklinis-ugdymas","status":"publish","type":"page","link":"https:\/\/www.lopselisdarzelis.rudamina.vilniausr.lm.lt\/?page_id=5382","title":{"rendered":"Ikimokyklinis ugdymas"},"content":{"rendered":"\n<p>Ikimokyklinio ugdymo paskirtis \u2013 pad\u0117ti vaikui tenkinti prigimtinius, kult\u016bros, taip pat ir etnin\u0117s, socialinius, pa\u017eintinius geb\u0117jimus, ugdyti vaiko kognityvinius \u012fg\u016bd\u017eius, pad\u0117ti pasirengti ugdytis pagal prie\u0161mokyklinio ugdymo program\u0105.<\/p>\n\n\n\n<p><\/p>\n\n\n\n<p><\/p>\n\n\n\n<p class=\"has-text-align-center\"><strong><em>VILNIAUS R.RUDAMINOS LOP\u0160ELYJE-DAR\u017dELYJE VEIKIA 5 IKIMOKYKLINIO UGDYMO GRUP\u0116S <\/em><\/strong><\/p>\n\n\n<div class=\"wp-block-image\">\n<figure class=\"aligncenter size-full is-resized\"><a href=\"https:\/\/www.lopselisdarzelis.rudamina.vilniausr.lm.lt\/wp-content\/uploads\/2025\/10\/8e756ae77094a754f6165ba39ee14d35-1.jpg\"><img loading=\"lazy\" decoding=\"async\" width=\"626\" height=\"491\" src=\"https:\/\/www.lopselisdarzelis.rudamina.vilniausr.lm.lt\/wp-content\/uploads\/2025\/10\/8e756ae77094a754f6165ba39ee14d35-1.jpg\" alt=\"\" class=\"wp-image-8023\" style=\"width:116px;height:auto\" srcset=\"https:\/\/www.lopselisdarzelis.rudamina.vilniausr.lm.lt\/wp-content\/uploads\/2025\/10\/8e756ae77094a754f6165ba39ee14d35-1.jpg 626w, https:\/\/www.lopselisdarzelis.rudamina.vilniausr.lm.lt\/wp-content\/uploads\/2025\/10\/8e756ae77094a754f6165ba39ee14d35-1-300x235.jpg 300w\" sizes=\"auto, (max-width: 626px) 100vw, 626px\" \/><\/a><\/figure><\/div>\n\n\n<p class=\"has-text-align-center\">VORIUK\u0172 GRUP\u0116<\/p>\n\n\n\n<p class=\"has-text-align-center\">Vaik\u0173 am\u017eius: 1,5-2 m.<\/p>\n\n\n\n<p class=\"has-text-align-center\">Ugdomoji kalba: lenk\u0173<\/p>\n\n\n\n<p class=\"has-text-align-center\">Grup\u0117s darbo laikas: 10,5 val.<\/p>\n\n\n\n<p class=\"has-text-align-center\">Mokytojos: Bo\u017eena German, Gra\u017eina \u0160\u010desnulevi\u010d<\/p>\n\n\n\n<p class=\"has-text-align-center\">Mokytojos pad\u0117j\u0117ja: \u017dana Lisovskaja<\/p>\n\n\n<div class=\"wp-block-image\">\n<figure class=\"aligncenter size-full is-resized\"><a href=\"https:\/\/www.lopselisdarzelis.rudamina.vilniausr.lm.lt\/wp-content\/uploads\/2022\/10\/depositphotos_82289380-stock-illustration-cute-ladybug-cartoon.webp\"><img loading=\"lazy\" decoding=\"async\" width=\"600\" height=\"462\" src=\"https:\/\/www.lopselisdarzelis.rudamina.vilniausr.lm.lt\/wp-content\/uploads\/2022\/10\/depositphotos_82289380-stock-illustration-cute-ladybug-cartoon.webp\" alt=\"\" class=\"wp-image-5383\" style=\"aspect-ratio:1.3066666666666666;width:98px;height:auto\"\/><\/a><\/figure><\/div>\n\n\n<p class=\"has-text-align-center\">BORU\u017dELI\u0172 GRUP\u0116<\/p>\n\n\n\n<p class=\"has-text-align-center\">Vaik\u0173 am\u017eius: 2-3 m.<\/p>\n\n\n\n<p class=\"has-text-align-center\">Ugdomoji kalba: lenk\u0173<\/p>\n\n\n\n<p class=\"has-text-align-center\">Grup\u0117s darbo laikas: 10,5 val.<\/p>\n\n\n\n<p class=\"has-text-align-center\">Mokytojos: Aleksandra Ob\u017eilian, Gra\u017eina \u0160\u010desnulevi\u010d<\/p>\n\n\n\n<p class=\"has-text-align-center\">Mokytojos pad\u0117j\u0117ja: \u017dana Benkien\u0117<\/p>\n\n\n<div class=\"wp-block-image\">\n<figure class=\"aligncenter size-full is-resized\"><a href=\"https:\/\/www.lopselisdarzelis.rudamina.vilniausr.lm.lt\/wp-content\/uploads\/2022\/10\/e4bf485475f4ac3d0430f3cca8b3fd6c.jpg\"><img loading=\"lazy\" decoding=\"async\" width=\"550\" height=\"550\" src=\"https:\/\/www.lopselisdarzelis.rudamina.vilniausr.lm.lt\/wp-content\/uploads\/2022\/10\/e4bf485475f4ac3d0430f3cca8b3fd6c.jpg\" alt=\"\" class=\"wp-image-5384\" style=\"width:163px;height:163px\" srcset=\"https:\/\/www.lopselisdarzelis.rudamina.vilniausr.lm.lt\/wp-content\/uploads\/2022\/10\/e4bf485475f4ac3d0430f3cca8b3fd6c.jpg 550w, https:\/\/www.lopselisdarzelis.rudamina.vilniausr.lm.lt\/wp-content\/uploads\/2022\/10\/e4bf485475f4ac3d0430f3cca8b3fd6c-300x300.jpg 300w, https:\/\/www.lopselisdarzelis.rudamina.vilniausr.lm.lt\/wp-content\/uploads\/2022\/10\/e4bf485475f4ac3d0430f3cca8b3fd6c-100x100.jpg 100w, https:\/\/www.lopselisdarzelis.rudamina.vilniausr.lm.lt\/wp-content\/uploads\/2022\/10\/e4bf485475f4ac3d0430f3cca8b3fd6c-144x144.jpg 144w\" sizes=\"auto, (max-width: 550px) 100vw, 550px\" \/><\/a><\/figure><\/div>\n\n\n<p class=\"has-text-align-center\">BITU\u010cI\u0172 GRUP\u0116<\/p>\n\n\n\n<p class=\"has-text-align-center\">Vaik\u0173 am\u017eius: 3-4 m.<\/p>\n\n\n\n<p class=\"has-text-align-center\">Ugdomoji kalba:  lenk\u0173<\/p>\n\n\n\n<p class=\"has-text-align-center\">Grup\u0117s darbo laikas: 10,5 val.<\/p>\n\n\n\n<p class=\"has-text-align-center\">Mokytojos: Liudmila Kalionova, Ivona Ilkevi\u010d<\/p>\n\n\n\n<p class=\"has-text-align-center\">Mokytojos pad\u0117j\u0117ja: Renata Monikailo<\/p>\n\n\n<div class=\"wp-block-image\">\n<figure class=\"aligncenter size-full is-resized\"><a href=\"https:\/\/www.lopselisdarzelis.rudamina.vilniausr.lm.lt\/wp-content\/uploads\/2022\/10\/1167-3160.jpg\"><img loading=\"lazy\" decoding=\"async\" width=\"666\" height=\"698\" src=\"https:\/\/www.lopselisdarzelis.rudamina.vilniausr.lm.lt\/wp-content\/uploads\/2022\/10\/1167-3160.jpg\" alt=\"\" class=\"wp-image-5385\" style=\"width:168px;height:176px\" srcset=\"https:\/\/www.lopselisdarzelis.rudamina.vilniausr.lm.lt\/wp-content\/uploads\/2022\/10\/1167-3160.jpg 666w, https:\/\/www.lopselisdarzelis.rudamina.vilniausr.lm.lt\/wp-content\/uploads\/2022\/10\/1167-3160-286x300.jpg 286w\" sizes=\"auto, (max-width: 666px) 100vw, 666px\" \/><\/a><\/figure><\/div>\n\n\n<p class=\"has-text-align-center\">DRUGELI\u0172 GRUP\u0116<\/p>\n\n\n\n<p class=\"has-text-align-center\">Vaik\u0173 am\u017eius: 4-5 m.<\/p>\n\n\n\n<p class=\"has-text-align-center\">Ugdomoji kalba: lenk\u0173<\/p>\n\n\n\n<p class=\"has-text-align-center\">Grup\u0117s darbo laikas: 10,5 val.<\/p>\n\n\n\n<p class=\"has-text-align-center\">Mokytojos: Diana Jurgo, Ivona Ilkevi\u010d, Sandra Ma\u0161aro<\/p>\n\n\n\n<p class=\"has-text-align-center\">Mokytojos pad\u0117j\u0117ja: Jolanta Ustinovi\u010d<\/p>\n\n\n\n<p class=\"has-text-align-center\"><\/p>\n\n\n<div class=\"wp-block-image\">\n<figure class=\"aligncenter size-full is-resized\"><a href=\"https:\/\/www.lopselisdarzelis.rudamina.vilniausr.lm.lt\/wp-content\/uploads\/2025\/10\/2511f760-f802-4b0e-873a-741690721e6a.jpg\"><img loading=\"lazy\" decoding=\"async\" width=\"259\" height=\"230\" src=\"https:\/\/www.lopselisdarzelis.rudamina.vilniausr.lm.lt\/wp-content\/uploads\/2025\/10\/2511f760-f802-4b0e-873a-741690721e6a.jpg\" alt=\"\" class=\"wp-image-8024\" style=\"width:143px;height:auto\"\/><\/a><\/figure><\/div>\n\n\n<p class=\"has-text-align-center\">SKRUZDELIUK\u0172 GRUP\u0116<\/p>\n\n\n\n<p class=\"has-text-align-center\">Vaik\u0173 am\u017eius: 5-6 m.<\/p>\n\n\n\n<p class=\"has-text-align-center\">Ugdomoji kalba: lenk\u0173<\/p>\n\n\n\n<p class=\"has-text-align-center\">Grup\u0117s darbo laikas: 10,5 val.<\/p>\n\n\n\n<p class=\"has-text-align-center\">Mokytojos: Juliana \u0160ilobrit, Viktorija Buravliova<\/p>\n\n\n\n<p class=\"has-text-align-center\">Mokytojos pad\u0117j\u0117ja: Renata \u017debelovi\u010d<\/p>\n\n\n\n<p><\/p>\n\n\n\n<p>Daugiau informacijos apie ikimokyklin\u012f ugdym\u0105&nbsp;<a href=\"https:\/\/smsm.lrv.lt\/web\/lt\/smm-svietimas\/svietimo-sistema-ikimokyklinis-ugdymas\">https:\/\/smsm.lrv.lt\/web\/lt\/smm-svietimas\/svietimo-sistema-ikimokyklinis-ugdymas<\/a><\/p>\n\n\n\n<p>Ikimokyklinio ugdymo portalas<a>&nbsp;<\/a><a href=\"https:\/\/www.ikimokyklinis.lt\/\" target=\"_blank\" rel=\"noreferrer noopener\">https:\/\/www.ikimokyklinis.lt&nbsp;&nbsp;<\/a><\/p>\n\n\n\n<p><\/p>\n\n\n\n<p><\/p>\n","protected":false},"excerpt":{"rendered":"<p>Ikimokyklinio ugdymo paskirtis \u2013 pad\u0117ti vaikui tenkinti prigimtinius, kult\u016bros, taip pat ir etnin\u0117s, socialinius, pa\u017eintinius geb\u0117jimus, ugdyti vaiko kognityvinius \u012fg\u016bd\u017eius, pad\u0117ti pasirengti ugdytis pagal prie\u0161mokyklinio ugdymo program\u0105. VILNIAUS R.RUDAMINOS LOP\u0160ELYJE-DAR\u017dELYJE VEIKIA 5 IKIMOKYKLINIO UGDYMO GRUP\u0116S VORIUK\u0172 GRUP\u0116 Vaik\u0173 am\u017eius: 1,5-2 &hellip; <a href=\"https:\/\/www.lopselisdarzelis.rudamina.vilniausr.lm.lt\/?page_id=5382\">Skaitykite toliau <span class=\"meta-nav\">&rarr;<\/span><\/a><\/p>\n","protected":false},"author":1,"featured_media":0,"parent":0,"menu_order":0,"comment_status":"closed","ping_status":"closed","template":"","meta":{"ngg_post_thumbnail":0,"footnotes":""},"class_list":["post-5382","page","type-page","status-publish","hentry"],"_links":{"self":[{"href":"https:\/\/www.lopselisdarzelis.rudamina.vilniausr.lm.lt\/index.php?rest_route=\/wp\/v2\/pages\/5382","targetHints":{"allow":["GET"]}}],"collection":[{"href":"https:\/\/www.lopselisdarzelis.rudamina.vilniausr.lm.lt\/index.php?rest_route=\/wp\/v2\/pages"}],"about":[{"href":"https:\/\/www.lopselisdarzelis.rudamina.vilniausr.lm.lt\/index.php?rest_route=\/wp\/v2\/types\/page"}],"author":[{"embeddable":true,"href":"https:\/\/www.lopselisdarzelis.rudamina.vilniausr.lm.lt\/index.php?rest_route=\/wp\/v2\/users\/1"}],"replies":[{"embeddable":true,"href":"https:\/\/www.lopselisdarzelis.rudamina.vilniausr.lm.lt\/index.php?rest_route=%2Fwp%2Fv2%2Fcomments&post=5382"}],"version-history":[{"count":10,"href":"https:\/\/www.lopselisdarzelis.rudamina.vilniausr.lm.lt\/index.php?rest_route=\/wp\/v2\/pages\/5382\/revisions"}],"predecessor-version":[{"id":8144,"href":"https:\/\/www.lopselisdarzelis.rudamina.vilniausr.lm.lt\/index.php?rest_route=\/wp\/v2\/pages\/5382\/revisions\/8144"}],"wp:attachment":[{"href":"https:\/\/www.lopselisdarzelis.rudamina.vilniausr.lm.lt\/index.php?rest_route=%2Fwp%2Fv2%2Fmedia&parent=5382"}],"curies":[{"name":"wp","href":"https:\/\/api.w.org\/{rel}","templated":true}]}}