{"id":5345,"date":"2022-10-13T21:30:54","date_gmt":"2022-10-13T19:30:54","guid":{"rendered":"http:\/\/www.lopselisdarzelis.rudamina.vilniausr.lm.lt\/?page_id=5345"},"modified":"2025-10-14T11:44:08","modified_gmt":"2025-10-14T09:44:08","slug":"lietuvos-respublikos-teises-aktai-reglamentuojantys-svietima","status":"publish","type":"page","link":"https:\/\/www.lopselisdarzelis.rudamina.vilniausr.lm.lt\/?page_id=5345","title":{"rendered":"Lietuvos Respublikos teis\u0117s aktai, reglamentuojantys \u0161vietim\u0105"},"content":{"rendered":"\n<p><a href=\"https:\/\/www.e-tar.lt\/portal\/lt\/legalAct\/TAR.47BB952431DA\">Lietuvos Respublikos Konstitucija<\/a><\/p>\n\n\n\n<p><a href=\"https:\/\/www.e-tar.lt\/portal\/lt\/legalAct\/TAR.2FB4C5F44B52\">Vaiko teisi\u0173 konvencija<\/a><\/p>\n\n\n\n<p><a href=\"https:\/\/www.e-tar.lt\/portal\/lt\/legalAct\/TAR.1882ABF8B6AB\">Vaiko gerov\u0117s valstyb\u0117s politikos koncepcija<\/a><\/p>\n\n\n\n<p><a href=\"https:\/\/www.e-tar.lt\/portal\/lt\/legalAct\/TAR.5EE74F9648A5\">Valstyb\u0117s pa\u017eangos strategija ,,Lietuvos pa\u017eangos strategija \u201eLietuva 2030\u201c<\/a><\/p>\n\n\n\n<p><a href=\"https:\/\/www.e-tar.lt\/portal\/lt\/legalAct\/b1fb6cc089d911e397b5c02d3197f382\">Valstybin\u0117 \u0161vietimo 2013\u20132022 met\u0173 strategija<\/a><\/p>\n\n\n\n<p><a href=\"https:\/\/www.e-tar.lt\/portal\/lt\/legalAct\/TAR.9A3AD08EA5D0\">Lietuvos Respublikos \u0161vietimo \u012fstatymas<\/a><\/p>\n\n\n\n<p><a href=\"https:\/\/www.e-tar.lt\/portal\/lt\/legalAct\/TAR.C8205E261830\">Lietuvos Respublikos vaiko teisi\u0173 apsaugos pagrind\u0173 \u012fstatymas<\/a><\/p>\n\n\n\n<p><a href=\"https:\/\/www.e-tar.lt\/portal\/lt\/legalAct\/TAR.90D8CF4E3E9F\">Lietuvos Respublikos vaiko minimalios ir vidutin\u0117s prie\u017ei\u016bros \u012fstatymas<\/a><\/p>\n\n\n\n<p><a href=\"https:\/\/www.e-tar.lt\/portal\/lt\/legalAct\/TAR.915C6D6EB2A5\">Lietuvos Respublikos socialin\u0117s paramos mokiniams \u012fstatymas<\/a><\/p>\n\n\n\n<p><a href=\"https:\/\/www.e-tar.lt\/portal\/lt\/legalAct\/TAR.033D686E8F1B\">Lietuvos Respublikos transporto lengvat\u0173 \u012fstatymas<\/a><\/p>\n\n\n\n<p><a href=\"https:\/\/www.e-tar.lt\/portal\/lt\/legalAct\/TAR.791BF9249C9C\">Lietuvos Respublikos sporto \u012fstatymas<\/a><\/p>\n\n\n\n<p><a href=\"https:\/\/www.e-tar.lt\/portal\/lt\/legalAct\/TAR.CE3B174CA7E6\">Lietuvos Respublikos neformaliojo suaugusi\u0173j\u0173 \u0161vietimo ir t\u0119stinio mokymosi \u012fstatymas<\/a><\/p>\n\n\n\n<p><a href=\"https:\/\/www.e-tar.lt\/portal\/lt\/legalAct\/f2f65120a7bb11e5be7fbe3f919a1ebe\">Geros mokyklos koncepcija<\/a><\/p>\n\n\n\n<p><a href=\"https:\/\/www.e-tar.lt\/portal\/lt\/legalAct\/TAR.83773518914F\">\u0160vietimo apr\u016bpinimo standartai<\/a><\/p>\n\n\n\n<p><a href=\"https:\/\/www.e-tar.lt\/portal\/lt\/legalAct\/TAR.F75FE2733AF1\">Ikimokyklinio ugdymo program\u0173 kriterij\u0173 apra\u0161as<\/a><\/p>\n\n\n\n<p><a href=\"https:\/\/www.e-tar.lt\/portal\/lt\/legalAct\/TAR.903907D9514F\/asr\">\u017dmogaus saugos bendroji programa<\/a><\/p>\n\n\n\n<p><a href=\"https:\/\/www.e-tar.lt\/portal\/lt\/legalAct\/TAR.C8B5956EC3A8\">Alkoholio, tabako ir kit\u0173 psichik\u0105 veikian\u010di\u0173 med\u017eiag\u0173 vartojimo prevencijos programa<\/a><\/p>\n\n\n\n<p><a href=\"https:\/\/www.e-tar.lt\/portal\/lt\/legalAct\/b10c19209a9a11e69ad4c8713b612d0f\">Sveikatos ir lyti\u0161kumo ugdymo bei rengimo \u0161eimai bendroji programa<\/a><\/p>\n\n\n\n<p><a href=\"https:\/\/www.e-tar.lt\/portal\/lt\/legalAct\/TAR.EFE610207736\">Etnin\u0117s kult\u016bros bendroji programa<\/a><\/p>\n\n\n\n<p><a href=\"https:\/\/www.e-tar.lt\/portal\/lt\/legalAct\/e3e9269009e511ea9d279ea27696ab7b\">Bendr\u0173j\u0173 program\u0173 atnaujinimo gair\u0117s<\/a><\/p>\n\n\n\n<p><a href=\"https:\/\/www.e-tar.lt\/portal\/lt\/legalAct\/TAR.4F69489322E6\">Privalomo ikimokyklinio ugdymo nustatymo ir skyrimo tvarkos apra\u0161as<\/a><\/p>\n\n\n\n<p><a href=\"https:\/\/www.e-tar.lt\/portal\/lt\/legalAct\/ab192f1066de11eca9ac839120d251c4\">Vaiko ugdymo ir ugdymosi poreiki\u0173, pa\u017eangos \u012fvertinimo tvarkos apra\u0161as<\/a><\/p>\n\n\n\n<p><a href=\"https:\/\/www.e-tar.lt\/portal\/lt\/legalAct\/TAR.F0E90ABE387D\">Mokini\u0173, turin\u010di\u0173 speciali\u0173j\u0173 ugdymosi poreiki\u0173, ugdymo organizavimo tvarkos apra\u0161as<\/a><\/p>\n\n\n\n<p><a href=\"https:\/\/www.e-tar.lt\/portal\/lt\/legalact\/tar.d9feea7be2d6\">Mokymosi pagal formaliojo \u0161vietimo programas (i\u0161skyrus auk\u0161tojo mokslo studij\u0173 programas) form\u0173 ir mokymo organizavimo tvarkos apra\u0161as<\/a><\/p>\n\n\n\n<p><a href=\"https:\/\/www.e-tar.lt\/portal\/lt\/legalAct\/TAR.3B14F18E2B3C\/asr\">Vaik\u0173 maitinimo organizavimo tvarkos apra\u0161as<\/a><\/p>\n","protected":false},"excerpt":{"rendered":"<p>Lietuvos Respublikos Konstitucija Vaiko teisi\u0173 konvencija Vaiko gerov\u0117s valstyb\u0117s politikos koncepcija Valstyb\u0117s pa\u017eangos strategija ,,Lietuvos pa\u017eangos strategija \u201eLietuva 2030\u201c Valstybin\u0117 \u0161vietimo 2013\u20132022 met\u0173 strategija Lietuvos Respublikos \u0161vietimo \u012fstatymas Lietuvos Respublikos vaiko teisi\u0173 apsaugos pagrind\u0173 \u012fstatymas Lietuvos Respublikos vaiko minimalios ir &hellip; <a href=\"https:\/\/www.lopselisdarzelis.rudamina.vilniausr.lm.lt\/?page_id=5345\">Skaitykite toliau <span class=\"meta-nav\">&rarr;<\/span><\/a><\/p>\n","protected":false},"author":1,"featured_media":0,"parent":0,"menu_order":0,"comment_status":"closed","ping_status":"closed","template":"","meta":{"ngg_post_thumbnail":0,"footnotes":""},"class_list":["post-5345","page","type-page","status-publish","hentry"],"_links":{"self":[{"href":"https:\/\/www.lopselisdarzelis.rudamina.vilniausr.lm.lt\/index.php?rest_route=\/wp\/v2\/pages\/5345","targetHints":{"allow":["GET"]}}],"collection":[{"href":"https:\/\/www.lopselisdarzelis.rudamina.vilniausr.lm.lt\/index.php?rest_route=\/wp\/v2\/pages"}],"about":[{"href":"https:\/\/www.lopselisdarzelis.rudamina.vilniausr.lm.lt\/index.php?rest_route=\/wp\/v2\/types\/page"}],"author":[{"embeddable":true,"href":"https:\/\/www.lopselisdarzelis.rudamina.vilniausr.lm.lt\/index.php?rest_route=\/wp\/v2\/users\/1"}],"replies":[{"embeddable":true,"href":"https:\/\/www.lopselisdarzelis.rudamina.vilniausr.lm.lt\/index.php?rest_route=%2Fwp%2Fv2%2Fcomments&post=5345"}],"version-history":[{"count":5,"href":"https:\/\/www.lopselisdarzelis.rudamina.vilniausr.lm.lt\/index.php?rest_route=\/wp\/v2\/pages\/5345\/revisions"}],"predecessor-version":[{"id":8015,"href":"https:\/\/www.lopselisdarzelis.rudamina.vilniausr.lm.lt\/index.php?rest_route=\/wp\/v2\/pages\/5345\/revisions\/8015"}],"wp:attachment":[{"href":"https:\/\/www.lopselisdarzelis.rudamina.vilniausr.lm.lt\/index.php?rest_route=%2Fwp%2Fv2%2Fmedia&parent=5345"}],"curies":[{"name":"wp","href":"https:\/\/api.w.org\/{rel}","templated":true}]}}