{"id":5186,"date":"2022-01-04T20:56:55","date_gmt":"2022-01-04T18:56:55","guid":{"rendered":"http:\/\/www.lopselisdarzelis.rudamina.vilniausr.lm.lt\/?page_id=5186"},"modified":"2026-01-05T18:21:05","modified_gmt":"2026-01-05T16:21:05","slug":"pomoc-polakom-na-wschodzie","status":"publish","type":"page","link":"https:\/\/www.lopselisdarzelis.rudamina.vilniausr.lm.lt\/?page_id=5186","title":{"rendered":"Fundacja &#8222;Pomoc Polakom na Wschodzie&#8221;"},"content":{"rendered":"\n<p>\u015awi\u0105teczny Bon dla nauczycieli polonijnych. Fundacja &#8222;Pomoc Polakom na Wschodzie&#8221; im. Jana Olszewskiego<\/p>\n\n\n\n<p>Informujemy, \u017ce w ramach programu \u201eBon dla nauczyciela polonijnego \u2013 edycja 2025\u201d, realizowanego przy wsparciu Instytutu Rozwoju J\u0119zyka Polskiego im. \u015bw. Maksymiliana Marii Kolbego, 8 nauczycieli polonijnych otrzyma\u0142o wsparcie finansowe w \u0142\u0105cznej wysoko\u015bci 1790 EUR. \u015arodki zosta\u0142y przeznaczone na dzia\u0142ania zwi\u0105zane z rozwojem zawodowym nauczycieli, w tym na zakup publikacji i materia\u0142\u00f3w dydaktycznych, materia\u0142\u00f3w multimedialnych i licencji edukacyjnych, udzia\u0142 w kursach i szkoleniach podnosz\u0105cych kwalifikacje oraz na pomoce dydaktyczne wykorzystywane w pracy dydaktycznej. Wyra\u017camy podzi\u0119kowanie Instytutowi Rozwoju J\u0119zyka Polskiego im. \u015bw. Maksymiliana Marii Kolbego za udzielone wsparcie i wsp\u00f3\u0142prac\u0119.<\/p>\n\n\n\n<figure class=\"wp-block-image size-full\"><a href=\"https:\/\/www.lopselisdarzelis.rudamina.vilniausr.lm.lt\/wp-content\/uploads\/2026\/01\/BON-NAUCZYCIELA-1.png\"><img loading=\"lazy\" decoding=\"async\" width=\"657\" height=\"768\" src=\"https:\/\/www.lopselisdarzelis.rudamina.vilniausr.lm.lt\/wp-content\/uploads\/2026\/01\/BON-NAUCZYCIELA-1.png\" alt=\"\" class=\"wp-image-8129\" srcset=\"https:\/\/www.lopselisdarzelis.rudamina.vilniausr.lm.lt\/wp-content\/uploads\/2026\/01\/BON-NAUCZYCIELA-1.png 657w, https:\/\/www.lopselisdarzelis.rudamina.vilniausr.lm.lt\/wp-content\/uploads\/2026\/01\/BON-NAUCZYCIELA-1-257x300.png 257w\" sizes=\"auto, (max-width: 657px) 100vw, 657px\" \/><\/a><\/figure>\n\n\n\n<p><\/p>\n\n\n\n<p><\/p>\n\n\n\n<p>Decyzj\u0105 Instytutu Rozwoju J\u0119zyka Polskiego Fundacja \u201ePomoc Polakom na Wschodzie\u201d im. Jana Olszewskiego przyzna\u0142a dofinansowanie na realizacj\u0119 zadania w\u0142asnego \u201eBon Kolbego dla pierwszak\u00f3w i przedszkolak\u00f3w na Litwie 2025\u201d. Z ogromn\u0105 rado\u015bci\u0105 informujemy, \u017ce dotar\u0142 do nas Bon Przedszkolaka 2025 , przekazany za po\u015brednictwem Stowarzyszenia Nauczycieli Szk\u00f3\u0142 Polskich na Litwie \u201eMacierz Szkolna\u201d. Serdecznie dzi\u0119kujemy za to wsparcie, kt\u00f3re umacnia nas w codziennej pracy i daje najm\u0142odszym rado\u015b\u0107 oraz motywacj\u0119 do piel\u0119gnowania polskiej to\u017csamo\u015bci. <img loading=\"lazy\" decoding=\"async\" height=\"16\" width=\"16\" src=\"https:\/\/static.xx.fbcdn.net\/images\/emoji.php\/v9\/te0\/1\/16\/1f1f5_1f1f1.png\" alt=\"&#x1f1f5;&#x1f1f1;\"><\/p>\n\n\n\n<figure class=\"wp-block-image size-full is-resized\"><a href=\"https:\/\/www.lopselisdarzelis.rudamina.vilniausr.lm.lt\/wp-content\/uploads\/2025\/11\/541247442_122131808708885080_8483521953768869472_n.jpg\"><img loading=\"lazy\" decoding=\"async\" width=\"630\" height=\"962\" src=\"https:\/\/www.lopselisdarzelis.rudamina.vilniausr.lm.lt\/wp-content\/uploads\/2025\/11\/541247442_122131808708885080_8483521953768869472_n.jpg\" alt=\"\" class=\"wp-image-8120\" style=\"width:359px;height:auto\" srcset=\"https:\/\/www.lopselisdarzelis.rudamina.vilniausr.lm.lt\/wp-content\/uploads\/2025\/11\/541247442_122131808708885080_8483521953768869472_n.jpg 630w, https:\/\/www.lopselisdarzelis.rudamina.vilniausr.lm.lt\/wp-content\/uploads\/2025\/11\/541247442_122131808708885080_8483521953768869472_n-196x300.jpg 196w\" sizes=\"auto, (max-width: 630px) 100vw, 630px\" \/><\/a><\/figure>\n\n\n\n<figure class=\"wp-block-image size-large is-resized\"><a href=\"https:\/\/www.lopselisdarzelis.rudamina.vilniausr.lm.lt\/wp-content\/uploads\/2025\/11\/543426618_122131808870885080_7210861806797657244_n.jpg\"><img loading=\"lazy\" decoding=\"async\" width=\"1024\" height=\"1024\" src=\"https:\/\/www.lopselisdarzelis.rudamina.vilniausr.lm.lt\/wp-content\/uploads\/2025\/11\/543426618_122131808870885080_7210861806797657244_n-1024x1024.jpg\" alt=\"\" class=\"wp-image-8122\" style=\"width:364px;height:auto\" srcset=\"https:\/\/www.lopselisdarzelis.rudamina.vilniausr.lm.lt\/wp-content\/uploads\/2025\/11\/543426618_122131808870885080_7210861806797657244_n-1024x1024.jpg 1024w, https:\/\/www.lopselisdarzelis.rudamina.vilniausr.lm.lt\/wp-content\/uploads\/2025\/11\/543426618_122131808870885080_7210861806797657244_n-300x300.jpg 300w, https:\/\/www.lopselisdarzelis.rudamina.vilniausr.lm.lt\/wp-content\/uploads\/2025\/11\/543426618_122131808870885080_7210861806797657244_n-100x100.jpg 100w, https:\/\/www.lopselisdarzelis.rudamina.vilniausr.lm.lt\/wp-content\/uploads\/2025\/11\/543426618_122131808870885080_7210861806797657244_n-768x768.jpg 768w, https:\/\/www.lopselisdarzelis.rudamina.vilniausr.lm.lt\/wp-content\/uploads\/2025\/11\/543426618_122131808870885080_7210861806797657244_n-1536x1536.jpg 1536w, https:\/\/www.lopselisdarzelis.rudamina.vilniausr.lm.lt\/wp-content\/uploads\/2025\/11\/543426618_122131808870885080_7210861806797657244_n-144x144.jpg 144w, https:\/\/www.lopselisdarzelis.rudamina.vilniausr.lm.lt\/wp-content\/uploads\/2025\/11\/543426618_122131808870885080_7210861806797657244_n.jpg 1920w\" sizes=\"auto, (max-width: 1024px) 100vw, 1024px\" \/><\/a><\/figure>\n\n\n\n<p>&#8212;&#8212;&#8212;&#8212;&#8212;&#8212;&#8212;&#8212;&#8212;&#8212;&#8212;&#8212;&#8212;&#8212;&#8212;&#8212;&#8212;&#8212;&#8212;&#8212;&#8212;&#8212;&#8212;&#8212;&#8212;&#8212;&#8212;&#8212;&#8212;&#8212;&#8212;&#8212;&#8212;&#8212;&#8212;&#8212;<\/p>\n\n\n\n<p>\u017b\u0142obek \u2013 przedszkole w Rudominie bierze udzia\u0142 w projekcie pn.&nbsp;<strong><em>\u201eBon Kolbego dla przedszkolak\u00f3w na Litwie\u201d.&nbsp;<\/em><\/strong>W ramach realizacji projektu 19 dzieci otrzyma\u0142o wyprawki przedszkolne.<\/p>\n\n\n\n<p>Projekt pn.&nbsp;<strong><em>\u201eBon Kolbego dla przedszkolak\u00f3w na Litwie\u201d<\/em><\/strong>&nbsp;dofinansowano przez Instytut Rozwoju J\u0119zyka Polskiego ze \u015brodk\u00f3w Ministra Edukacji Narodowej. Projekt pn.&nbsp;<strong><em>\u201eBon Kolbego dla przedszkolak\u00f3w na Litwie\u201d<\/em><\/strong>&nbsp;jest realizowany przez Fundacj\u0119 \u201ePomoc Polakom na Wschodzie\u201d im. Jana Olszewskiego.<\/p>\n\n\n\n<figure class=\"wp-block-gallery has-nested-images columns-default is-cropped wp-block-gallery-1 is-layout-flex wp-block-gallery-is-layout-flex\">\n<figure class=\"wp-block-image size-large\"><a href=\"https:\/\/www.lopselisdarzelis.rudamina.vilniausr.lm.lt\/wp-content\/uploads\/2024\/01\/polsk.png\"><img loading=\"lazy\" decoding=\"async\" width=\"448\" height=\"551\" data-id=\"5559\" src=\"https:\/\/www.lopselisdarzelis.rudamina.vilniausr.lm.lt\/wp-content\/uploads\/2024\/01\/polsk.png\" alt=\"\" class=\"wp-image-5559\" srcset=\"https:\/\/www.lopselisdarzelis.rudamina.vilniausr.lm.lt\/wp-content\/uploads\/2024\/01\/polsk.png 448w, https:\/\/www.lopselisdarzelis.rudamina.vilniausr.lm.lt\/wp-content\/uploads\/2024\/01\/polsk-244x300.png 244w\" sizes=\"auto, (max-width: 448px) 100vw, 448px\" \/><\/a><\/figure>\n<\/figure>\n\n\n\n<figure class=\"wp-block-image size-large\"><a href=\"https:\/\/www.lopselisdarzelis.rudamina.vilniausr.lm.lt\/wp-content\/uploads\/2024\/01\/414546718_122145085142021022_5190578803532491564_n.jpg\"><img loading=\"lazy\" decoding=\"async\" width=\"1024\" height=\"922\" src=\"https:\/\/www.lopselisdarzelis.rudamina.vilniausr.lm.lt\/wp-content\/uploads\/2024\/01\/414546718_122145085142021022_5190578803532491564_n-1024x922.jpg\" alt=\"\" class=\"wp-image-5543\" srcset=\"https:\/\/www.lopselisdarzelis.rudamina.vilniausr.lm.lt\/wp-content\/uploads\/2024\/01\/414546718_122145085142021022_5190578803532491564_n-1024x922.jpg 1024w, https:\/\/www.lopselisdarzelis.rudamina.vilniausr.lm.lt\/wp-content\/uploads\/2024\/01\/414546718_122145085142021022_5190578803532491564_n-300x270.jpg 300w, https:\/\/www.lopselisdarzelis.rudamina.vilniausr.lm.lt\/wp-content\/uploads\/2024\/01\/414546718_122145085142021022_5190578803532491564_n-768x691.jpg 768w, https:\/\/www.lopselisdarzelis.rudamina.vilniausr.lm.lt\/wp-content\/uploads\/2024\/01\/414546718_122145085142021022_5190578803532491564_n.jpg 1073w\" sizes=\"auto, (max-width: 1024px) 100vw, 1024px\" \/><\/a><\/figure>\n\n\n\n<figure class=\"wp-block-image size-large\"><a href=\"https:\/\/www.lopselisdarzelis.rudamina.vilniausr.lm.lt\/wp-content\/uploads\/2024\/01\/414478333_122145085178021022_3577439314509664110_n.jpg\"><img loading=\"lazy\" decoding=\"async\" width=\"478\" height=\"1024\" src=\"https:\/\/www.lopselisdarzelis.rudamina.vilniausr.lm.lt\/wp-content\/uploads\/2024\/01\/414478333_122145085178021022_3577439314509664110_n-478x1024.jpg\" alt=\"\" class=\"wp-image-5542\" srcset=\"https:\/\/www.lopselisdarzelis.rudamina.vilniausr.lm.lt\/wp-content\/uploads\/2024\/01\/414478333_122145085178021022_3577439314509664110_n-478x1024.jpg 478w, https:\/\/www.lopselisdarzelis.rudamina.vilniausr.lm.lt\/wp-content\/uploads\/2024\/01\/414478333_122145085178021022_3577439314509664110_n-140x300.jpg 140w, https:\/\/www.lopselisdarzelis.rudamina.vilniausr.lm.lt\/wp-content\/uploads\/2024\/01\/414478333_122145085178021022_3577439314509664110_n-768x1645.jpg 768w, https:\/\/www.lopselisdarzelis.rudamina.vilniausr.lm.lt\/wp-content\/uploads\/2024\/01\/414478333_122145085178021022_3577439314509664110_n-717x1536.jpg 717w, https:\/\/www.lopselisdarzelis.rudamina.vilniausr.lm.lt\/wp-content\/uploads\/2024\/01\/414478333_122145085178021022_3577439314509664110_n.jpg 934w\" sizes=\"auto, (max-width: 478px) 100vw, 478px\" \/><\/a><\/figure>\n\n\n\n<figure class=\"wp-block-image size-large\"><a href=\"https:\/\/www.lopselisdarzelis.rudamina.vilniausr.lm.lt\/wp-content\/uploads\/2025\/06\/unnamed.jpg\"><img loading=\"lazy\" decoding=\"async\" width=\"756\" height=\"1024\" src=\"https:\/\/www.lopselisdarzelis.rudamina.vilniausr.lm.lt\/wp-content\/uploads\/2025\/06\/unnamed-756x1024.jpg\" alt=\"\" class=\"wp-image-7984\" srcset=\"https:\/\/www.lopselisdarzelis.rudamina.vilniausr.lm.lt\/wp-content\/uploads\/2025\/06\/unnamed-756x1024.jpg 756w, https:\/\/www.lopselisdarzelis.rudamina.vilniausr.lm.lt\/wp-content\/uploads\/2025\/06\/unnamed-222x300.jpg 222w, https:\/\/www.lopselisdarzelis.rudamina.vilniausr.lm.lt\/wp-content\/uploads\/2025\/06\/unnamed-768x1040.jpg 768w, https:\/\/www.lopselisdarzelis.rudamina.vilniausr.lm.lt\/wp-content\/uploads\/2025\/06\/unnamed.jpg 1013w\" sizes=\"auto, (max-width: 756px) 100vw, 756px\" \/><\/a><\/figure>\n\n\n\n<p><\/p>\n\n\n\n<p><\/p>\n\n\n\n<p><\/p>\n","protected":false},"excerpt":{"rendered":"<p>\u015awi\u0105teczny Bon dla nauczycieli polonijnych. Fundacja &#8222;Pomoc Polakom na Wschodzie&#8221; im. Jana Olszewskiego Informujemy, \u017ce w ramach programu \u201eBon dla nauczyciela polonijnego \u2013 edycja 2025\u201d, realizowanego przy wsparciu Instytutu Rozwoju J\u0119zyka Polskiego im. \u015bw. Maksymiliana Marii Kolbego, 8 nauczycieli polonijnych &hellip; <a href=\"https:\/\/www.lopselisdarzelis.rudamina.vilniausr.lm.lt\/?page_id=5186\">Skaitykite toliau <span class=\"meta-nav\">&rarr;<\/span><\/a><\/p>\n","protected":false},"author":1,"featured_media":0,"parent":0,"menu_order":0,"comment_status":"closed","ping_status":"closed","template":"","meta":{"ngg_post_thumbnail":0,"footnotes":""},"class_list":["post-5186","page","type-page","status-publish","hentry"],"_links":{"self":[{"href":"https:\/\/www.lopselisdarzelis.rudamina.vilniausr.lm.lt\/index.php?rest_route=\/wp\/v2\/pages\/5186","targetHints":{"allow":["GET"]}}],"collection":[{"href":"https:\/\/www.lopselisdarzelis.rudamina.vilniausr.lm.lt\/index.php?rest_route=\/wp\/v2\/pages"}],"about":[{"href":"https:\/\/www.lopselisdarzelis.rudamina.vilniausr.lm.lt\/index.php?rest_route=\/wp\/v2\/types\/page"}],"author":[{"embeddable":true,"href":"https:\/\/www.lopselisdarzelis.rudamina.vilniausr.lm.lt\/index.php?rest_route=\/wp\/v2\/users\/1"}],"replies":[{"embeddable":true,"href":"https:\/\/www.lopselisdarzelis.rudamina.vilniausr.lm.lt\/index.php?rest_route=%2Fwp%2Fv2%2Fcomments&post=5186"}],"version-history":[{"count":20,"href":"https:\/\/www.lopselisdarzelis.rudamina.vilniausr.lm.lt\/index.php?rest_route=\/wp\/v2\/pages\/5186\/revisions"}],"predecessor-version":[{"id":8130,"href":"https:\/\/www.lopselisdarzelis.rudamina.vilniausr.lm.lt\/index.php?rest_route=\/wp\/v2\/pages\/5186\/revisions\/8130"}],"wp:attachment":[{"href":"https:\/\/www.lopselisdarzelis.rudamina.vilniausr.lm.lt\/index.php?rest_route=%2Fwp%2Fv2%2Fmedia&parent=5186"}],"curies":[{"name":"wp","href":"https:\/\/api.w.org\/{rel}","templated":true}]}}