{"id":4953,"date":"2020-10-18T18:52:22","date_gmt":"2020-10-18T16:52:22","guid":{"rendered":"http:\/\/www.lopselisdarzelis.rudamina.vilniausr.lm.lt\/?page_id=4953"},"modified":"2025-10-14T11:47:47","modified_gmt":"2025-10-14T09:47:47","slug":"korupcijos-prevencija","status":"publish","type":"page","link":"https:\/\/www.lopselisdarzelis.rudamina.vilniausr.lm.lt\/?page_id=4953","title":{"rendered":"KORUPCIJOS PREVENCIJA"},"content":{"rendered":"\n<p><a rel=\"noreferrer noopener\" href=\"https:\/\/e-seimas.lrs.lt\/portal\/legalAct\/lt\/TAD\/TAIS.168154\" target=\"_blank\">Lietuvos Respublikos korupcijos prevencijos \u012fstatymas patvirtintas<\/a><\/p>\n\n\n\n<p><a rel=\"noreferrer noopener\" href=\"https:\/\/www.e-tar.lt\/portal\/lt\/legalAct\/25c529d0cbcd11e4aaa0e90fce879681\" target=\"_blank\">Lietuvos Respublikos nacionalin\u0117s kovos su korupcija 2015\u20132025 met\u0173 programa, patvirtinta Lietuvos Respublikos Seimo 2015 m. kovo 10 d. nutarimu Nr. XII-1537<\/a><\/p>\n\n\n\n<p><a rel=\"noreferrer noopener\" href=\"https:\/\/e-seimas.lrs.lt\/portal\/legalAct\/lt\/TAD\/TAIS.168154\" target=\"_blank\">Lietuvos Respublikos Seimo 2002 m. gegu\u017e\u0117s 28 d. Nr. IX-904<\/a><\/p>\n\n\n\n<p><a rel=\"noreferrer noopener\" href=\"https:\/\/www.stt.lt\/lt\/praneskite-apie-korupcija\/palikite-pranesima-cia\" target=\"_blank\">Kaip prane\u0161ti apie korupcij\u0105<\/a><\/p>\n\n\n\n<p>Vilniaus r. Rudaminos lop\u0161elio &#8211; dar\u017eelio direktoriaus 2021-12-31 \u012fsakymu Nr. V-36 ,,D\u0117l Vilniaus r. Rudaminos lop\u0161elio \u2013 dar\u017eelio pareigybi\u0173, d\u0117l kuri\u0173 teikiamas pra\u0161ymas Lietuvos Respublikos Speciali\u0173j\u0173 tyrim\u0173 tarnybai pateikti informacij\u0105, s\u0105ra\u0161o patvirtinimo\u201c yra sudarytas s\u0105ra\u0161as pareigybi\u0173, \u012f kurias prie\u0161 skirdama asmen\u012f<\/p>\n\n\n\n<p>Vilniaus r. Rudaminos lop\u0161elio \u2013 dar\u017eelio direktor\u0117 pateiks ra\u0161ytin\u012f pra\u0161ym\u0105 Speciali\u0173j\u0173 tyrim\u0173 tarnybai d\u0117l informacijos apie \u0161i\u0173 pareig\u0173 siekiant\u012f asmen\u012f:<\/p>\n\n\n\n<p>1. Vilniaus r. Rudaminos lop\u0161elio &#8211; dar\u017eelio direktor\u0117s pavaduotoja \u016bkio reikalams.<\/p>\n","protected":false},"excerpt":{"rendered":"<p>Lietuvos Respublikos korupcijos prevencijos \u012fstatymas patvirtintas Lietuvos Respublikos nacionalin\u0117s kovos su korupcija 2015\u20132025 met\u0173 programa, patvirtinta Lietuvos Respublikos Seimo 2015 m. kovo 10 d. nutarimu Nr. XII-1537 Lietuvos Respublikos Seimo 2002 m. gegu\u017e\u0117s 28 d. Nr. IX-904 Kaip prane\u0161ti apie &hellip; <a href=\"https:\/\/www.lopselisdarzelis.rudamina.vilniausr.lm.lt\/?page_id=4953\">Skaitykite toliau <span class=\"meta-nav\">&rarr;<\/span><\/a><\/p>\n","protected":false},"author":1,"featured_media":0,"parent":0,"menu_order":0,"comment_status":"closed","ping_status":"closed","template":"","meta":{"ngg_post_thumbnail":0,"footnotes":""},"class_list":["post-4953","page","type-page","status-publish","hentry"],"_links":{"self":[{"href":"https:\/\/www.lopselisdarzelis.rudamina.vilniausr.lm.lt\/index.php?rest_route=\/wp\/v2\/pages\/4953","targetHints":{"allow":["GET"]}}],"collection":[{"href":"https:\/\/www.lopselisdarzelis.rudamina.vilniausr.lm.lt\/index.php?rest_route=\/wp\/v2\/pages"}],"about":[{"href":"https:\/\/www.lopselisdarzelis.rudamina.vilniausr.lm.lt\/index.php?rest_route=\/wp\/v2\/types\/page"}],"author":[{"embeddable":true,"href":"https:\/\/www.lopselisdarzelis.rudamina.vilniausr.lm.lt\/index.php?rest_route=\/wp\/v2\/users\/1"}],"replies":[{"embeddable":true,"href":"https:\/\/www.lopselisdarzelis.rudamina.vilniausr.lm.lt\/index.php?rest_route=%2Fwp%2Fv2%2Fcomments&post=4953"}],"version-history":[{"count":7,"href":"https:\/\/www.lopselisdarzelis.rudamina.vilniausr.lm.lt\/index.php?rest_route=\/wp\/v2\/pages\/4953\/revisions"}],"predecessor-version":[{"id":8017,"href":"https:\/\/www.lopselisdarzelis.rudamina.vilniausr.lm.lt\/index.php?rest_route=\/wp\/v2\/pages\/4953\/revisions\/8017"}],"wp:attachment":[{"href":"https:\/\/www.lopselisdarzelis.rudamina.vilniausr.lm.lt\/index.php?rest_route=%2Fwp%2Fv2%2Fmedia&parent=4953"}],"curies":[{"name":"wp","href":"https:\/\/api.w.org\/{rel}","templated":true}]}}